{"id":2,"date":"2013-05-11T22:10:15","date_gmt":"2013-05-11T22:10:15","guid":{"rendered":"http:\/\/release-yourself.net\/\/?page_id=2"},"modified":"2015-10-07T15:59:24","modified_gmt":"2015-10-07T13:59:24","slug":"about","status":"publish","type":"page","link":"https:\/\/www.release-yourself.net\/?page_id=2","title":{"rendered":"A propos"},"content":{"rendered":"<p style=\"text-align: justify;\">Ing\u00e9nieur Avant vente en infrastructure et Cloud Computing, je suis aussi \u00e9galement dans le delivery des solutions propos\u00e9es au niveau expert<\/p>\n<p style=\"text-align: justify;\">Je poss\u00e8de \u00e0 ce jour une multitude de certification constructeur\/\u00e9diteurs ainsi qu&rsquo;un fort retour d&rsquo;exp\u00e9rience sur les installations<\/p>\n<p style=\"text-align: justify;\">Vous trouverez aussi mon CV directement t\u00e9l\u00e9chargeable depuis <a href=\"http:\/\/www.release-yourself.net\/wp-content\/uploads\/2015\/10\/David_PEREZ_Consultant.pdf.13285906.pdf\">ici<\/a><\/p>\n<p style=\"text-align: justify;\">Voici une liste de mes certifications<\/p>\n<p style=\"text-align: justify;\">ARKOON<\/p>\n<p style=\"text-align: justify;\"><a href=\"http:\/\/www.release-yourself.net\/wp-content\/uploads\/2013\/05\/Certification-ACSE-David-Perez.pdf\">Certification ACSE &#8211; David Perez<\/a> <a href=\"http:\/\/www.release-yourself.net\/wp-content\/uploads\/2013\/05\/David-Perez-ACSA-Certification-Arkoon.pdf\">David Perez ACSA &#8211; Certification Arkoon<\/a><\/p>\n<p style=\"text-align: justify;\">StoneSoft<\/p>\n<p style=\"text-align: justify;\"><a href=\"http:\/\/www.release-yourself.net\/wp-content\/uploads\/2013\/05\/SGSMCAdavid_perez.pdf\">SGSMCAdavid_perez<\/a> <a href=\"http:\/\/www.release-yourself.net\/wp-content\/uploads\/2013\/05\/SGFWAdavid_perez.pdf\">SGFWAdavid_perez<\/a><\/p>\n<p style=\"text-align: justify;\">IBM<\/p>\n<p style=\"text-align: justify;\"><a href=\"http:\/\/www.release-yourself.net\/wp-content\/uploads\/2013\/05\/Certification-IBM-Certifies-Specialist-System-X-DPerez.pdf\">Certification IBM Certifies Specialist System X &#8211; DPerez<\/a> <a href=\"http:\/\/www.release-yourself.net\/wp-content\/uploads\/2013\/05\/IBM_STORAGE_D-Perez.pdf\">IBM_STORAGE_D-Perez<\/a><\/p>\n<p style=\"text-align: justify;\">DELL STORAGE<\/p>\n<p style=\"text-align: justify;\"><a href=\"http:\/\/www.release-yourself.net\/wp-content\/uploads\/2013\/05\/D_PEREZ-DELL-PowerVault-Storage-Technical.pdf\">D_PEREZ DELL PowerVault Storage Technical<\/a> <a href=\"http:\/\/www.release-yourself.net\/wp-content\/uploads\/2013\/05\/D_PEREZ-DELL-Equallogic-Technical.pdf\">D_PEREZ DELL Equallogic Technical<\/a> <a href=\"http:\/\/www.release-yourself.net\/wp-content\/uploads\/2013\/05\/D_PEREZ-DELL-EMEA-Storage-Speciality-Technical.pdf\">D_PEREZ DELL EMEA Storage Speciality Technical<\/a> <a href=\"http:\/\/www.release-yourself.net\/wp-content\/uploads\/2013\/05\/D_PEREZ-DELL-Compellent-Top-Gun-Storage-Architect-Technical.pdf\">D_PEREZ DELL Compellent Top Gun Storage Architect Technical<\/a> <a href=\"http:\/\/www.release-yourself.net\/wp-content\/uploads\/2013\/05\/D_PEREZ-DELL-Compellent-Quote-Center.pdf\">D_PEREZ DELL Compellent Quote Center<\/a><\/p>\n<p style=\"text-align: justify;\">DELL BLADE<\/p>\n<p style=\"text-align: justify;\"><a href=\"http:\/\/www.release-yourself.net\/wp-content\/uploads\/2013\/05\/D_PEREZ-DELL-Blades-Server-Solutions-Technical.pdf\">D_PEREZ DELL Blades Server Solutions &#8211; Technical<\/a> <a href=\"http:\/\/www.release-yourself.net\/wp-content\/uploads\/2013\/05\/D_PEREZ-DELL-Blades-Server-Solutions-Sales.pdf\">D_PEREZ DELL Blades Server Solutions &#8211; Sales<\/a><\/p>\n<p style=\"text-align: justify;\">DELL CLOUD<\/p>\n<p style=\"text-align: justify;\"><a href=\"http:\/\/www.release-yourself.net\/wp-content\/uploads\/2013\/05\/D_PEREZ-DELL-Cloud-Provider-Network-Operations-Center-EMEA.pdf\">D_PEREZ DELL Cloud Provider Network Operations Center EMEA<\/a> <a href=\"http:\/\/www.release-yourself.net\/wp-content\/uploads\/2013\/05\/D_PEREZ-DELL-Cloud-Essentials.pdf\">D_PEREZ DELL Cloud Essentials<\/a> <a href=\"http:\/\/www.release-yourself.net\/wp-content\/uploads\/2013\/05\/D_PEREZ-DELL-Cloud-Solutions-Presales-Technical.pdf\">D_PEREZ DELL Cloud Solutions Presales Technical<\/a> <a href=\"http:\/\/www.release-yourself.net\/wp-content\/uploads\/2013\/05\/D_PEREZ-DELL-Cloud-Solutions-Sales.pdf\">D_PEREZ DELL Cloud Solutions Sales<\/a> <a href=\"http:\/\/www.release-yourself.net\/wp-content\/uploads\/2013\/05\/D_PEREZ-DELL-EMEA-Cloud-Services-and-Solutions.pdf\">D_PEREZ DELL EMEA Cloud Services and Solutions<\/a><\/p>\n<p style=\"text-align: justify;\">DELL NETWORK<\/p>\n<p style=\"text-align: justify;\"><a href=\"http:\/\/www.release-yourself.net\/wp-content\/uploads\/2013\/05\/D_PEREZ-DELL-PowerConnect-LAN-SAN-Switching-Solutions-Technical.pdf\">D_PEREZ DELL PowerConnect LAN SAN Switching Solutions Technical<\/a> <a href=\"http:\/\/www.release-yourself.net\/wp-content\/uploads\/2013\/05\/D_PEREZ-DELL-Force10-S-Series-Technical.pdf\">D_PEREZ DELL Force10 S-Series Technical<\/a> <a href=\"http:\/\/www.release-yourself.net\/wp-content\/uploads\/2013\/05\/D_PEREZ-DELL-Force10-S-Serie-Technical.pdf\">D_PEREZ DELL Force10 S-Serie Technical<\/a> <a href=\"http:\/\/www.release-yourself.net\/wp-content\/uploads\/2013\/05\/D_PEREZ-DELL-Force10-FTOS-Technical-Highlights.pdf\">D_PEREZ DELL Force10 FTOS Technical Highlights<\/a> <a href=\"http:\/\/www.release-yourself.net\/wp-content\/uploads\/2013\/05\/D_PEREZ-DELL-EMEA-Networking-Technical-Specialty.pdf\">D_PEREZ DELL EMEA Networking Technical Specialty<\/a><\/p>\n<p style=\"text-align: justify;\">DELL POWEREDGE<\/p>\n<p style=\"text-align: justify;\"><a href=\"http:\/\/www.release-yourself.net\/wp-content\/uploads\/2013\/05\/D_PEREZ-DELL-PowerEdge-C-Training.pdf\">D_PEREZ DELL PowerEdge C Training<\/a> <a href=\"http:\/\/www.release-yourself.net\/wp-content\/uploads\/2013\/05\/D_PEREZ-DELL-PowerEdge-12G-Servers-Technical-Training.pdf\">D_PEREZ DELL PowerEdge 12G Servers Technical Training<\/a><a href=\"http:\/\/www.release-yourself.net\/wp-content\/uploads\/2013\/05\/D_PEREZ-DELL-PowerEdge-VRTX-Technical-Overview.pdf\">D_PEREZ DELL PowerEdge VRTX Technical Overview<\/a><\/p>\n<p style=\"text-align: justify;\">DELL DESKTOP<\/p>\n<p style=\"text-align: justify;\"><a href=\"http:\/\/www.release-yourself.net\/wp-content\/uploads\/2013\/05\/D_PEREZ-DELL-Wyse-Software-and-Management-Technical.pdf\">D_PEREZ DELL Wyse Software and Management Technical<\/a> <a href=\"http:\/\/www.release-yourself.net\/wp-content\/uploads\/2013\/05\/D_PEREZ-DELL-Desktop-Virtualization-Solutions-Simplified-Appliance.pdf\">D_PEREZ DELL Desktop Virtualization Solutions Simplified Appliance<\/a> <a href=\"http:\/\/www.release-yourself.net\/wp-content\/uploads\/2013\/05\/D_PEREZ-DELL-Wyse-Hardware-and-Firmware-Technical.pdf\">D_PEREZ DELL Wyse Hardware and Firmware Technical<\/a><\/p>\n<p style=\"text-align: justify;\">MAILINBLACK<\/p>\n<p style=\"text-align: justify;\"><a href=\"http:\/\/www.release-yourself.net\/wp-content\/uploads\/2013\/05\/David-PEREZ-Certification-MailinBlack.pdf\">David PEREZ Certification MailinBlack<\/a><\/p>\n<p style=\"text-align: justify;\">VADERETRO<\/p>\n<p style=\"text-align: justify;\"><a href=\"http:\/\/www.release-yourself.net\/wp-content\/uploads\/2013\/05\/Certificate-quadria.jpg\"><img loading=\"lazy\" decoding=\"async\" class=\"alignnone size-medium wp-image-262\" src=\"http:\/\/www.release-yourself.net\/wp-content\/uploads\/2013\/05\/Certificate-quadria-300x212.jpg\" alt=\"Certificate-quadria\" width=\"300\" height=\"212\" srcset=\"https:\/\/www.release-yourself.net\/wp-content\/uploads\/2013\/05\/Certificate-quadria-300x212.jpg 300w, https:\/\/www.release-yourself.net\/wp-content\/uploads\/2013\/05\/Certificate-quadria-1024x723.jpg 1024w, https:\/\/www.release-yourself.net\/wp-content\/uploads\/2013\/05\/Certificate-quadria-424x300.jpg 424w\" sizes=\"(max-width: 300px) 100vw, 300px\" \/><\/a><\/p>\n<p style=\"text-align: justify;\">KASPERSKY<\/p>\n<p style=\"text-align: justify;\"><a href=\"http:\/\/www.release-yourself.net\/wp-content\/uploads\/2013\/05\/KASPERSKY-DAVID-PEREZ.pdf\">KASPERSKY DAVID PEREZ<\/a><\/p>\n<p style=\"text-align: justify;\">IPV6<\/p>\n<p>\u00a0<a href=\"http:\/\/ipv6.he.net\/certification\/scoresheet.php?pass_name=Wallace560\" target=\"_blank\"><img decoding=\"async\" style=\"border: 0; width: 128px; height: 128px;\" src=\"http:\/\/ipv6.he.net\/certification\/create_badge.php?pass_name=Wallace560&amp;badge=1\" alt=\"IPv6 Certification Badge for David PEREZ\" \/><\/a><\/p>\n","protected":false},"excerpt":{"rendered":"<p>Ing\u00e9nieur Avant vente en infrastructure et Cloud Computing, je suis aussi \u00e9galement dans le delivery des solutions propos\u00e9es au niveau expert Je poss\u00e8de \u00e0 ce jour une multitude de certification constructeur\/\u00e9diteurs ainsi qu&rsquo;un fort retour d&rsquo;exp\u00e9rience sur les installations Vous &hellip; <a href=\"https:\/\/www.release-yourself.net\/?page_id=2\">Continuer la lecture <span class=\"meta-nav\">&rarr;<\/span><\/a><\/p>\n","protected":false},"author":1,"featured_media":0,"parent":0,"menu_order":0,"comment_status":"open","ping_status":"open","template":"","meta":{"footnotes":""},"class_list":["post-2","page","type-page","status-publish","hentry"],"_links":{"self":[{"href":"https:\/\/www.release-yourself.net\/index.php?rest_route=\/wp\/v2\/pages\/2"}],"collection":[{"href":"https:\/\/www.release-yourself.net\/index.php?rest_route=\/wp\/v2\/pages"}],"about":[{"href":"https:\/\/www.release-yourself.net\/index.php?rest_route=\/wp\/v2\/types\/page"}],"author":[{"embeddable":true,"href":"https:\/\/www.release-yourself.net\/index.php?rest_route=\/wp\/v2\/users\/1"}],"replies":[{"embeddable":true,"href":"https:\/\/www.release-yourself.net\/index.php?rest_route=%2Fwp%2Fv2%2Fcomments&post=2"}],"version-history":[{"count":9,"href":"https:\/\/www.release-yourself.net\/index.php?rest_route=\/wp\/v2\/pages\/2\/revisions"}],"predecessor-version":[{"id":302,"href":"https:\/\/www.release-yourself.net\/index.php?rest_route=\/wp\/v2\/pages\/2\/revisions\/302"}],"wp:attachment":[{"href":"https:\/\/www.release-yourself.net\/index.php?rest_route=%2Fwp%2Fv2%2Fmedia&parent=2"}],"curies":[{"name":"wp","href":"https:\/\/api.w.org\/{rel}","templated":true}]}}